{"id":648,"date":"2023-04-08T13:10:37","date_gmt":"2023-04-08T13:10:37","guid":{"rendered":"https:\/\/multizone.emcisolutions.com\/?post_type=product&#038;p=648"},"modified":"2023-04-11T20:17:46","modified_gmt":"2023-04-11T20:17:46","slug":"tosot-lomoplus-ultra-heat","status":"publish","type":"product","link":"https:\/\/dev.climatisationmultizone.com\/?product=tosot-lomoplus-ultra-heat","title":{"rendered":"TOSOT LOMOPLUS Ultra Heat"},"content":{"rendered":"<ul>\n<li>\u00a0Super chaleur (compresseur \u00e0 2 phases)<\/li>\n<li>Wi-Fi int\u00e9gr\u00e9<\/li>\n<li>Affichage \u00e0 DEL<\/li>\n<li>Climatisation en basse temp\u00e9rature : -15\u00b0 C \/ 5\u00b0 F<\/li>\n<li>80% de capacit\u00e9 \u00e0 -30\u00b0 C \/ -22\u00b0 F<\/li>\n<li>100% de capacit\u00e9 \u00e0 -20\u00b0 C \/ -4\u00b0 F<\/li>\n<li>Thermostat mural en option<\/li>\n<li>Aussi disponible en configuration multi-zone<\/li>\n<li>\u00c9l\u00e9ment chauffant pour bac de vidange incorpor\u00e9<\/li>\n<\/ul>\n<p><img fetchpriority=\"high\" decoding=\"async\" class=\"alignnone wp-image-650\" src=\"https:\/\/multizone.emcisolutions.com\/wp-content\/uploads\/2023\/04\/lomoplus_spec-300x197.png\" alt=\"\" width=\"853\" height=\"560\" srcset=\"https:\/\/dev.climatisationmultizone.com\/wp-content\/uploads\/2023\/04\/lomoplus_spec-300x197.png 300w, https:\/\/dev.climatisationmultizone.com\/wp-content\/uploads\/2023\/04\/lomoplus_spec-768x505.png 768w, https:\/\/dev.climatisationmultizone.com\/wp-content\/uploads\/2023\/04\/lomoplus_spec-600x394.png 600w, https:\/\/dev.climatisationmultizone.com\/wp-content\/uploads\/2023\/04\/lomoplus_spec.png 966w\" sizes=\"(max-width: 853px) 100vw, 853px\" \/><\/p>\n","protected":false},"excerpt":{"rendered":"<h3><span style=\"color: #ff0000;\">NOTRE THERMOPOMPE LA PLUS EFFICACE<\/span><\/h3>\n<ul>\n<li>Super chaleur (compresseur \u00e0 2 phases)<\/li>\n<li>Wi-Fi int\u00e9gr\u00e9<\/li>\n<li>Affichage \u00e0 DEL<\/li>\n<li>Climatisation en basse temp\u00e9rature : -15\u00b0 C \/ 5\u00b0 F<\/li>\n<li>80% de capacit\u00e9 \u00e0 -30\u00b0 C \/ -22\u00b0 F<\/li>\n<li>100% de capacit\u00e9 \u00e0 -20\u00b0 C \/ -4\u00b0 F<\/li>\n<li>Thermostat mural en option<\/li>\n<li>Aussi disponible en configuration multi-zone<\/li>\n<li>\u00c9l\u00e9ment chauffant pour bac de vidange incorpor\u00e9<\/li>\n<\/ul>\n","protected":false},"featured_media":649,"comment_status":"open","ping_status":"closed","template":"","meta":[],"product_cat":[26,41],"product_tag":[48,27,40],"class_list":{"0":"post-648","1":"product","2":"type-product","3":"status-publish","4":"has-post-thumbnail","6":"product_cat-mini-splits","7":"product_cat-tosot-mini-splits","8":"product_tag-mural","9":"product_tag-thermopompe","10":"product_tag-tosot","12":"first","13":"instock","14":"taxable","15":"shipping-taxable","16":"product-type-simple"},"_links":{"self":[{"href":"https:\/\/dev.climatisationmultizone.com\/index.php?rest_route=\/wp\/v2\/product\/648","targetHints":{"allow":["GET"]}}],"collection":[{"href":"https:\/\/dev.climatisationmultizone.com\/index.php?rest_route=\/wp\/v2\/product"}],"about":[{"href":"https:\/\/dev.climatisationmultizone.com\/index.php?rest_route=\/wp\/v2\/types\/product"}],"replies":[{"embeddable":true,"href":"https:\/\/dev.climatisationmultizone.com\/index.php?rest_route=%2Fwp%2Fv2%2Fcomments&post=648"}],"wp:featuredmedia":[{"embeddable":true,"href":"https:\/\/dev.climatisationmultizone.com\/index.php?rest_route=\/wp\/v2\/media\/649"}],"wp:attachment":[{"href":"https:\/\/dev.climatisationmultizone.com\/index.php?rest_route=%2Fwp%2Fv2%2Fmedia&parent=648"}],"wp:term":[{"taxonomy":"product_cat","embeddable":true,"href":"https:\/\/dev.climatisationmultizone.com\/index.php?rest_route=%2Fwp%2Fv2%2Fproduct_cat&post=648"},{"taxonomy":"product_tag","embeddable":true,"href":"https:\/\/dev.climatisationmultizone.com\/index.php?rest_route=%2Fwp%2Fv2%2Fproduct_tag&post=648"}],"curies":[{"name":"wp","href":"https:\/\/api.w.org\/{rel}","templated":true}]}}